{"id":1218,"date":"2023-01-04T20:46:40","date_gmt":"2023-01-04T19:46:40","guid":{"rendered":"http:\/\/naturopathie.sobattitude.fr\/?page_id=1218"},"modified":"2025-01-14T00:49:25","modified_gmt":"2025-01-13T23:49:25","slug":"formations-initiations","status":"publish","type":"page","link":"https:\/\/naturopathie.sobattitude.fr\/index.php\/formations-initiations\/","title":{"rendered":"FORMATIONS\/INITIATIONS"},"content":{"rendered":"\n<p>Parce que je suis passionn\u00e9e par ce que je fais, j&rsquo;ai d\u00e9cid\u00e9 de vous initier, vous aussi, pour d\u00e9couvrir les diverses techniques que j&rsquo;utilise et surtout pouvoir les utiliser vous m\u00eame, en toute autonomie, pour votre bien \u00eatre et celui de vos proches.<\/p>\n\n\n\n<p>Formations\/initiations actuellement disponibles et prochaines dates:<\/p>\n\n\n\n<p><a href=\"http:\/\/naturopathie.sobattitude.fr\/index.php\/journee-decouverte-bioresonance\/\"><strong>Journ\u00e9e d\u00e9couverte Bior\u00e9sonance<\/strong><\/a> <\/p>\n\n\n\n<p><strong><a href=\"http:\/\/naturopathie.sobattitude.fr\/index.php\/formation-communication-animale\/\">Communication animale<\/a><\/strong>    <\/p>\n\n\n\n<p><strong><a href=\"http:\/\/naturopathie.sobattitude.fr\/index.php\/formation-fleurs-de-bach\/\">Fleurs de Bach<\/a><\/strong> <\/p>\n\n\n\n<p><a href=\"http:\/\/naturopathie.sobattitude.fr\/index.php\/formation-gemmotherapie\/\"><strong><strong>Stage sant\u00e9 par les plantes: initiation Gemmoth\u00e9rapie<\/strong><\/strong><\/a>  <\/p>\n\n\n\n<p><\/p>\n\n\n\n<p>Aucun pr\u00e9requis pour ces formations\/initiation, vous venez avec votre bonne humeur.<\/p>\n\n\n\n<p><br>Lieu : Saint Germain les Corbeil (91) ou \u00e0 distance via zoom <\/p>\n\n\n\n<p>(sauf communication animale, uniquement en pr\u00e9sentiel)<\/p>\n\n\n\n<p>Nombre de places : 6 participants maximum<br><\/p>\n\n\n\n<p>Horaires : <\/p>\n\n\n\n<p>Sur une journ\u00e9e: <\/p>\n\n\n\n<ul class=\"wp-block-list\">\n<li>de 10h \u00e0 18h<\/li>\n<\/ul>\n\n\n\n<p>Sur 2 jours: <\/p>\n\n\n\n<ul class=\"wp-block-list\">\n<li>Samedi de 10h \u00e0 17h30<\/li>\n\n\n\n<li>Dimanche de 9h \u00e0 17h<\/li>\n<\/ul>\n\n\n\n<p><strong>Renseignements\/inscriptions<\/strong>:<\/p>\n\n\n\n<p>sophie.ballet.naturo[at]gmail.com .&nbsp;<mark style=\"background-color:rgba(0, 0, 0, 0)\" class=\"has-inline-color has-vivid-red-color\">Remplacer le [at] par @<\/mark><\/p>\n\n\n\n<p><\/p>\n","protected":false},"excerpt":{"rendered":"<p>Parce que je suis passionn\u00e9e par ce que je fais, j&rsquo;ai d\u00e9cid\u00e9 de vous initier, vous aussi, pour d\u00e9couvrir les diverses techniques que j&rsquo;utilise et surtout pouvoir les utiliser vous m\u00eame, en toute autonomie, pour votre bien \u00eatre et celui de vos proches. Formations\/initiations actuellement disponibles et prochaines dates: Journ\u00e9e d\u00e9couverte Bior\u00e9sonance Communication animale Fleurs&#8230;<\/p>\n","protected":false},"author":1,"featured_media":0,"parent":0,"menu_order":0,"comment_status":"closed","ping_status":"closed","template":"","meta":{"_kad_post_transparent":"","_kad_post_title":"","_kad_post_layout":"","_kad_post_sidebar_id":"","_kad_post_content_style":"","_kad_post_vertical_padding":"","_kad_post_feature":"","_kad_post_feature_position":"","_kad_post_header":false,"_kad_post_footer":false,"_kad_post_classname":"","footnotes":""},"class_list":["post-1218","page","type-page","status-publish","hentry"],"yoast_head":"<!-- This site is optimized with the Yoast SEO plugin v27.4 - https:\/\/yoast.com\/product\/yoast-seo-wordpress\/ -->\n<title>FORMATIONS\/INITIATIONS -<\/title>\n<meta name=\"robots\" content=\"index, follow, max-snippet:-1, max-image-preview:large, max-video-preview:-1\" \/>\n<link rel=\"canonical\" href=\"https:\/\/naturopathie.sobattitude.fr\/index.php\/formations-initiations\/\" \/>\n<meta property=\"og:locale\" content=\"fr_FR\" \/>\n<meta property=\"og:type\" content=\"article\" \/>\n<meta property=\"og:title\" content=\"FORMATIONS\/INITIATIONS -\" \/>\n<meta property=\"og:description\" content=\"Parce que je suis passionn\u00e9e par ce que je fais, j&rsquo;ai d\u00e9cid\u00e9 de vous initier, vous aussi, pour d\u00e9couvrir les diverses techniques que j&rsquo;utilise et surtout pouvoir les utiliser vous m\u00eame, en toute autonomie, pour votre bien \u00eatre et celui de vos proches. Formations\/initiations actuellement disponibles et prochaines dates: Journ\u00e9e d\u00e9couverte Bior\u00e9sonance Communication animale Fleurs...\" \/>\n<meta property=\"og:url\" content=\"https:\/\/naturopathie.sobattitude.fr\/index.php\/formations-initiations\/\" \/>\n<meta property=\"article:modified_time\" content=\"2025-01-13T23:49:25+00:00\" \/>\n<meta name=\"twitter:card\" content=\"summary_large_image\" \/>\n<meta name=\"twitter:label1\" content=\"Dur\u00e9e de lecture estim\u00e9e\" \/>\n\t<meta name=\"twitter:data1\" content=\"1 minute\" \/>\n<script type=\"application\/ld+json\" class=\"yoast-schema-graph\">{\"@context\":\"https:\\\/\\\/schema.org\",\"@graph\":[{\"@type\":\"WebPage\",\"@id\":\"https:\\\/\\\/naturopathie.sobattitude.fr\\\/index.php\\\/formations-initiations\\\/\",\"url\":\"https:\\\/\\\/naturopathie.sobattitude.fr\\\/index.php\\\/formations-initiations\\\/\",\"name\":\"FORMATIONS\\\/INITIATIONS -\",\"isPartOf\":{\"@id\":\"https:\\\/\\\/naturopathie.sobattitude.fr\\\/#website\"},\"datePublished\":\"2023-01-04T19:46:40+00:00\",\"dateModified\":\"2025-01-13T23:49:25+00:00\",\"breadcrumb\":{\"@id\":\"https:\\\/\\\/naturopathie.sobattitude.fr\\\/index.php\\\/formations-initiations\\\/#breadcrumb\"},\"inLanguage\":\"fr-FR\",\"potentialAction\":[{\"@type\":\"ReadAction\",\"target\":[\"https:\\\/\\\/naturopathie.sobattitude.fr\\\/index.php\\\/formations-initiations\\\/\"]}]},{\"@type\":\"BreadcrumbList\",\"@id\":\"https:\\\/\\\/naturopathie.sobattitude.fr\\\/index.php\\\/formations-initiations\\\/#breadcrumb\",\"itemListElement\":[{\"@type\":\"ListItem\",\"position\":1,\"name\":\"Accueil\",\"item\":\"https:\\\/\\\/naturopathie.sobattitude.fr\\\/\"},{\"@type\":\"ListItem\",\"position\":2,\"name\":\"FORMATIONS\\\/INITIATIONS\"}]},{\"@type\":\"WebSite\",\"@id\":\"https:\\\/\\\/naturopathie.sobattitude.fr\\\/#website\",\"url\":\"https:\\\/\\\/naturopathie.sobattitude.fr\\\/\",\"name\":\"\",\"description\":\"\",\"potentialAction\":[{\"@type\":\"SearchAction\",\"target\":{\"@type\":\"EntryPoint\",\"urlTemplate\":\"https:\\\/\\\/naturopathie.sobattitude.fr\\\/?s={search_term_string}\"},\"query-input\":{\"@type\":\"PropertyValueSpecification\",\"valueRequired\":true,\"valueName\":\"search_term_string\"}}],\"inLanguage\":\"fr-FR\"}]}<\/script>\n<!-- \/ Yoast SEO plugin. -->","yoast_head_json":{"title":"FORMATIONS\/INITIATIONS -","robots":{"index":"index","follow":"follow","max-snippet":"max-snippet:-1","max-image-preview":"max-image-preview:large","max-video-preview":"max-video-preview:-1"},"canonical":"https:\/\/naturopathie.sobattitude.fr\/index.php\/formations-initiations\/","og_locale":"fr_FR","og_type":"article","og_title":"FORMATIONS\/INITIATIONS -","og_description":"Parce que je suis passionn\u00e9e par ce que je fais, j&rsquo;ai d\u00e9cid\u00e9 de vous initier, vous aussi, pour d\u00e9couvrir les diverses techniques que j&rsquo;utilise et surtout pouvoir les utiliser vous m\u00eame, en toute autonomie, pour votre bien \u00eatre et celui de vos proches. Formations\/initiations actuellement disponibles et prochaines dates: Journ\u00e9e d\u00e9couverte Bior\u00e9sonance Communication animale Fleurs...","og_url":"https:\/\/naturopathie.sobattitude.fr\/index.php\/formations-initiations\/","article_modified_time":"2025-01-13T23:49:25+00:00","twitter_card":"summary_large_image","twitter_misc":{"Dur\u00e9e de lecture estim\u00e9e":"1 minute"},"schema":{"@context":"https:\/\/schema.org","@graph":[{"@type":"WebPage","@id":"https:\/\/naturopathie.sobattitude.fr\/index.php\/formations-initiations\/","url":"https:\/\/naturopathie.sobattitude.fr\/index.php\/formations-initiations\/","name":"FORMATIONS\/INITIATIONS -","isPartOf":{"@id":"https:\/\/naturopathie.sobattitude.fr\/#website"},"datePublished":"2023-01-04T19:46:40+00:00","dateModified":"2025-01-13T23:49:25+00:00","breadcrumb":{"@id":"https:\/\/naturopathie.sobattitude.fr\/index.php\/formations-initiations\/#breadcrumb"},"inLanguage":"fr-FR","potentialAction":[{"@type":"ReadAction","target":["https:\/\/naturopathie.sobattitude.fr\/index.php\/formations-initiations\/"]}]},{"@type":"BreadcrumbList","@id":"https:\/\/naturopathie.sobattitude.fr\/index.php\/formations-initiations\/#breadcrumb","itemListElement":[{"@type":"ListItem","position":1,"name":"Accueil","item":"https:\/\/naturopathie.sobattitude.fr\/"},{"@type":"ListItem","position":2,"name":"FORMATIONS\/INITIATIONS"}]},{"@type":"WebSite","@id":"https:\/\/naturopathie.sobattitude.fr\/#website","url":"https:\/\/naturopathie.sobattitude.fr\/","name":"","description":"","potentialAction":[{"@type":"SearchAction","target":{"@type":"EntryPoint","urlTemplate":"https:\/\/naturopathie.sobattitude.fr\/?s={search_term_string}"},"query-input":{"@type":"PropertyValueSpecification","valueRequired":true,"valueName":"search_term_string"}}],"inLanguage":"fr-FR"}]}},"_links":{"self":[{"href":"https:\/\/naturopathie.sobattitude.fr\/index.php\/wp-json\/wp\/v2\/pages\/1218","targetHints":{"allow":["GET"]}}],"collection":[{"href":"https:\/\/naturopathie.sobattitude.fr\/index.php\/wp-json\/wp\/v2\/pages"}],"about":[{"href":"https:\/\/naturopathie.sobattitude.fr\/index.php\/wp-json\/wp\/v2\/types\/page"}],"author":[{"embeddable":true,"href":"https:\/\/naturopathie.sobattitude.fr\/index.php\/wp-json\/wp\/v2\/users\/1"}],"replies":[{"embeddable":true,"href":"https:\/\/naturopathie.sobattitude.fr\/index.php\/wp-json\/wp\/v2\/comments?post=1218"}],"version-history":[{"count":27,"href":"https:\/\/naturopathie.sobattitude.fr\/index.php\/wp-json\/wp\/v2\/pages\/1218\/revisions"}],"predecessor-version":[{"id":1896,"href":"https:\/\/naturopathie.sobattitude.fr\/index.php\/wp-json\/wp\/v2\/pages\/1218\/revisions\/1896"}],"wp:attachment":[{"href":"https:\/\/naturopathie.sobattitude.fr\/index.php\/wp-json\/wp\/v2\/media?parent=1218"}],"curies":[{"name":"wp","href":"https:\/\/api.w.org\/{rel}","templated":true}]}}