{"id":1242,"date":"2023-01-10T18:08:41","date_gmt":"2023-01-10T17:08:41","guid":{"rendered":"http:\/\/naturopathie.sobattitude.fr\/?page_id=1242"},"modified":"2026-04-18T01:14:33","modified_gmt":"2026-04-17T23:14:33","slug":"hypnose-a-la-carte","status":"publish","type":"page","link":"https:\/\/naturopathie.sobattitude.fr\/index.php\/hypnose-a-la-carte\/","title":{"rendered":"Programmes en ligne"},"content":{"rendered":"\n<h2 class=\"wp-block-heading\">Programmes d&rsquo;hypnose en ligne<\/h2>\n\n\n\n<figure class=\"wp-block-image size-large is-resized\"><img loading=\"lazy\" decoding=\"async\" width=\"1024\" height=\"683\" src=\"https:\/\/naturopathie.sobattitude.fr\/wp-content\/uploads\/2026\/04\/pexels-oluwakoreimage-11745182-1024x683.jpg\" alt=\"\" class=\"wp-image-2939\" style=\"aspect-ratio:1.4993152166077994;width:292px;height:auto\" srcset=\"https:\/\/naturopathie.sobattitude.fr\/wp-content\/uploads\/2026\/04\/pexels-oluwakoreimage-11745182-1024x683.jpg 1024w, https:\/\/naturopathie.sobattitude.fr\/wp-content\/uploads\/2026\/04\/pexels-oluwakoreimage-11745182-300x200.jpg 300w, https:\/\/naturopathie.sobattitude.fr\/wp-content\/uploads\/2026\/04\/pexels-oluwakoreimage-11745182-768x512.jpg 768w, https:\/\/naturopathie.sobattitude.fr\/wp-content\/uploads\/2026\/04\/pexels-oluwakoreimage-11745182-1536x1024.jpg 1536w, https:\/\/naturopathie.sobattitude.fr\/wp-content\/uploads\/2026\/04\/pexels-oluwakoreimage-11745182-2048x1365.jpg 2048w\" sizes=\"auto, (max-width: 1024px) 100vw, 1024px\" \/><\/figure>\n\n\n\n<p>Des programmes d&rsquo;hypnose complets, en ligne, sous format MP3, que vous \u00e9coutez de chez vous, quand vous le voulez et autant de fois que vous le voulez !<\/p>\n\n\n\n<p>Vous vous allongez, vous fermez les yeux et vous \u00e9coutez&#8230;<\/p>\n\n\n\n<p><strong>Perte de poids:<\/strong><\/p>\n\n\n\n<p><a href=\"https:\/\/sobattitude.learnybox.com\/presentation-kilos\/\" target=\"_blank\" rel=\"noreferrer noopener\">Programme complet pour maigrir d\u00e9finitivement<\/a><\/p>\n\n\n\n<p><\/p>\n\n\n\n<p><strong>Arr\u00eat du Tabac<\/strong><\/p>\n\n\n\n<p><a href=\"https:\/\/sobattitude.learnybox.com\/vente-arret-du-tabac\/\" target=\"_blank\" rel=\"noreferrer noopener\">Programme complet pour arr\u00eater de fumer d\u00e9finitivement<\/a><\/p>\n\n\n\n<p><\/p>\n\n\n\n<p><strong>Gestion du stress, de la d\u00e9prime et des \u00e9motions<\/strong><\/p>\n\n\n\n<p><a href=\"https:\/\/sobattitude.learnybox.com\/details-fini-le-stress\/\" target=\"_blank\" rel=\"noreferrer noopener\">Programme Fini le stress<\/a><\/p>\n\n\n\n<figure class=\"wp-block-image size-large is-resized\"><img loading=\"lazy\" decoding=\"async\" width=\"1024\" height=\"683\" src=\"https:\/\/naturopathie.sobattitude.fr\/wp-content\/uploads\/2026\/04\/pexels-olly-3771832-1-1024x683.jpg\" alt=\"\" class=\"wp-image-3014\" style=\"aspect-ratio:1.5001444155613322;width:268px;height:auto\" srcset=\"https:\/\/naturopathie.sobattitude.fr\/wp-content\/uploads\/2026\/04\/pexels-olly-3771832-1-1024x683.jpg 1024w, https:\/\/naturopathie.sobattitude.fr\/wp-content\/uploads\/2026\/04\/pexels-olly-3771832-1-300x200.jpg 300w, https:\/\/naturopathie.sobattitude.fr\/wp-content\/uploads\/2026\/04\/pexels-olly-3771832-1-768x512.jpg 768w, https:\/\/naturopathie.sobattitude.fr\/wp-content\/uploads\/2026\/04\/pexels-olly-3771832-1-1536x1024.jpg 1536w, https:\/\/naturopathie.sobattitude.fr\/wp-content\/uploads\/2026\/04\/pexels-olly-3771832-1-2048x1365.jpg 2048w\" sizes=\"auto, (max-width: 1024px) 100vw, 1024px\" \/><\/figure>\n","protected":false},"excerpt":{"rendered":"<p>Programmes d&rsquo;hypnose en ligne Des programmes d&rsquo;hypnose complets, en ligne, sous format MP3, que vous \u00e9coutez de chez vous, quand vous le voulez et autant de fois que vous le voulez ! Vous vous allongez, vous fermez les yeux et vous \u00e9coutez&#8230; Perte de poids: Programme complet pour maigrir d\u00e9finitivement Arr\u00eat du Tabac Programme complet&#8230;<\/p>\n","protected":false},"author":1,"featured_media":0,"parent":0,"menu_order":0,"comment_status":"closed","ping_status":"closed","template":"","meta":{"_kad_post_transparent":"","_kad_post_title":"","_kad_post_layout":"","_kad_post_sidebar_id":"","_kad_post_content_style":"","_kad_post_vertical_padding":"","_kad_post_feature":"","_kad_post_feature_position":"","_kad_post_header":false,"_kad_post_footer":false,"_kad_post_classname":"","footnotes":""},"class_list":["post-1242","page","type-page","status-publish","hentry"],"yoast_head":"<!-- This site is optimized with the Yoast SEO plugin v27.5 - https:\/\/yoast.com\/product\/yoast-seo-wordpress\/ -->\n<title>Programmes en ligne -<\/title>\n<meta name=\"robots\" content=\"index, follow, max-snippet:-1, max-image-preview:large, max-video-preview:-1\" \/>\n<link rel=\"canonical\" href=\"https:\/\/naturopathie.sobattitude.fr\/index.php\/hypnose-a-la-carte\/\" \/>\n<meta property=\"og:locale\" content=\"fr_FR\" \/>\n<meta property=\"og:type\" content=\"article\" \/>\n<meta property=\"og:title\" content=\"Programmes en ligne -\" \/>\n<meta property=\"og:description\" content=\"Programmes d&rsquo;hypnose en ligne Des programmes d&rsquo;hypnose complets, en ligne, sous format MP3, que vous \u00e9coutez de chez vous, quand vous le voulez et autant de fois que vous le voulez ! Vous vous allongez, vous fermez les yeux et vous \u00e9coutez&#8230; Perte de poids: Programme complet pour maigrir d\u00e9finitivement Arr\u00eat du Tabac Programme complet...\" \/>\n<meta property=\"og:url\" content=\"https:\/\/naturopathie.sobattitude.fr\/index.php\/hypnose-a-la-carte\/\" \/>\n<meta property=\"article:modified_time\" content=\"2026-04-17T23:14:33+00:00\" \/>\n<meta property=\"og:image\" content=\"https:\/\/naturopathie.sobattitude.fr\/wp-content\/uploads\/2026\/04\/pexels-oluwakoreimage-11745182-scaled.jpg\" \/>\n\t<meta property=\"og:image:width\" content=\"2560\" \/>\n\t<meta property=\"og:image:height\" content=\"1707\" \/>\n\t<meta property=\"og:image:type\" content=\"image\/jpeg\" \/>\n<meta name=\"twitter:card\" content=\"summary_large_image\" \/>\n<meta name=\"twitter:label1\" content=\"Dur\u00e9e de lecture estim\u00e9e\" \/>\n\t<meta name=\"twitter:data1\" content=\"1 minute\" \/>\n<script type=\"application\/ld+json\" class=\"yoast-schema-graph\">{\"@context\":\"https:\\\/\\\/schema.org\",\"@graph\":[{\"@type\":\"WebPage\",\"@id\":\"https:\\\/\\\/naturopathie.sobattitude.fr\\\/index.php\\\/hypnose-a-la-carte\\\/\",\"url\":\"https:\\\/\\\/naturopathie.sobattitude.fr\\\/index.php\\\/hypnose-a-la-carte\\\/\",\"name\":\"Programmes en ligne -\",\"isPartOf\":{\"@id\":\"https:\\\/\\\/naturopathie.sobattitude.fr\\\/#website\"},\"primaryImageOfPage\":{\"@id\":\"https:\\\/\\\/naturopathie.sobattitude.fr\\\/index.php\\\/hypnose-a-la-carte\\\/#primaryimage\"},\"image\":{\"@id\":\"https:\\\/\\\/naturopathie.sobattitude.fr\\\/index.php\\\/hypnose-a-la-carte\\\/#primaryimage\"},\"thumbnailUrl\":\"https:\\\/\\\/naturopathie.sobattitude.fr\\\/wp-content\\\/uploads\\\/2026\\\/04\\\/pexels-oluwakoreimage-11745182-1024x683.jpg\",\"datePublished\":\"2023-01-10T17:08:41+00:00\",\"dateModified\":\"2026-04-17T23:14:33+00:00\",\"breadcrumb\":{\"@id\":\"https:\\\/\\\/naturopathie.sobattitude.fr\\\/index.php\\\/hypnose-a-la-carte\\\/#breadcrumb\"},\"inLanguage\":\"fr-FR\",\"potentialAction\":[{\"@type\":\"ReadAction\",\"target\":[\"https:\\\/\\\/naturopathie.sobattitude.fr\\\/index.php\\\/hypnose-a-la-carte\\\/\"]}]},{\"@type\":\"ImageObject\",\"inLanguage\":\"fr-FR\",\"@id\":\"https:\\\/\\\/naturopathie.sobattitude.fr\\\/index.php\\\/hypnose-a-la-carte\\\/#primaryimage\",\"url\":\"https:\\\/\\\/naturopathie.sobattitude.fr\\\/wp-content\\\/uploads\\\/2026\\\/04\\\/pexels-oluwakoreimage-11745182-scaled.jpg\",\"contentUrl\":\"https:\\\/\\\/naturopathie.sobattitude.fr\\\/wp-content\\\/uploads\\\/2026\\\/04\\\/pexels-oluwakoreimage-11745182-scaled.jpg\",\"width\":2560,\"height\":1707},{\"@type\":\"BreadcrumbList\",\"@id\":\"https:\\\/\\\/naturopathie.sobattitude.fr\\\/index.php\\\/hypnose-a-la-carte\\\/#breadcrumb\",\"itemListElement\":[{\"@type\":\"ListItem\",\"position\":1,\"name\":\"Accueil\",\"item\":\"https:\\\/\\\/naturopathie.sobattitude.fr\\\/\"},{\"@type\":\"ListItem\",\"position\":2,\"name\":\"Programmes en ligne\"}]},{\"@type\":\"WebSite\",\"@id\":\"https:\\\/\\\/naturopathie.sobattitude.fr\\\/#website\",\"url\":\"https:\\\/\\\/naturopathie.sobattitude.fr\\\/\",\"name\":\"\",\"description\":\"\",\"potentialAction\":[{\"@type\":\"SearchAction\",\"target\":{\"@type\":\"EntryPoint\",\"urlTemplate\":\"https:\\\/\\\/naturopathie.sobattitude.fr\\\/?s={search_term_string}\"},\"query-input\":{\"@type\":\"PropertyValueSpecification\",\"valueRequired\":true,\"valueName\":\"search_term_string\"}}],\"inLanguage\":\"fr-FR\"}]}<\/script>\n<!-- \/ Yoast SEO plugin. -->","yoast_head_json":{"title":"Programmes en ligne -","robots":{"index":"index","follow":"follow","max-snippet":"max-snippet:-1","max-image-preview":"max-image-preview:large","max-video-preview":"max-video-preview:-1"},"canonical":"https:\/\/naturopathie.sobattitude.fr\/index.php\/hypnose-a-la-carte\/","og_locale":"fr_FR","og_type":"article","og_title":"Programmes en ligne -","og_description":"Programmes d&rsquo;hypnose en ligne Des programmes d&rsquo;hypnose complets, en ligne, sous format MP3, que vous \u00e9coutez de chez vous, quand vous le voulez et autant de fois que vous le voulez ! Vous vous allongez, vous fermez les yeux et vous \u00e9coutez&#8230; Perte de poids: Programme complet pour maigrir d\u00e9finitivement Arr\u00eat du Tabac Programme complet...","og_url":"https:\/\/naturopathie.sobattitude.fr\/index.php\/hypnose-a-la-carte\/","article_modified_time":"2026-04-17T23:14:33+00:00","og_image":[{"width":2560,"height":1707,"url":"https:\/\/naturopathie.sobattitude.fr\/wp-content\/uploads\/2026\/04\/pexels-oluwakoreimage-11745182-scaled.jpg","type":"image\/jpeg"}],"twitter_card":"summary_large_image","twitter_misc":{"Dur\u00e9e de lecture estim\u00e9e":"1 minute"},"schema":{"@context":"https:\/\/schema.org","@graph":[{"@type":"WebPage","@id":"https:\/\/naturopathie.sobattitude.fr\/index.php\/hypnose-a-la-carte\/","url":"https:\/\/naturopathie.sobattitude.fr\/index.php\/hypnose-a-la-carte\/","name":"Programmes en ligne -","isPartOf":{"@id":"https:\/\/naturopathie.sobattitude.fr\/#website"},"primaryImageOfPage":{"@id":"https:\/\/naturopathie.sobattitude.fr\/index.php\/hypnose-a-la-carte\/#primaryimage"},"image":{"@id":"https:\/\/naturopathie.sobattitude.fr\/index.php\/hypnose-a-la-carte\/#primaryimage"},"thumbnailUrl":"https:\/\/naturopathie.sobattitude.fr\/wp-content\/uploads\/2026\/04\/pexels-oluwakoreimage-11745182-1024x683.jpg","datePublished":"2023-01-10T17:08:41+00:00","dateModified":"2026-04-17T23:14:33+00:00","breadcrumb":{"@id":"https:\/\/naturopathie.sobattitude.fr\/index.php\/hypnose-a-la-carte\/#breadcrumb"},"inLanguage":"fr-FR","potentialAction":[{"@type":"ReadAction","target":["https:\/\/naturopathie.sobattitude.fr\/index.php\/hypnose-a-la-carte\/"]}]},{"@type":"ImageObject","inLanguage":"fr-FR","@id":"https:\/\/naturopathie.sobattitude.fr\/index.php\/hypnose-a-la-carte\/#primaryimage","url":"https:\/\/naturopathie.sobattitude.fr\/wp-content\/uploads\/2026\/04\/pexels-oluwakoreimage-11745182-scaled.jpg","contentUrl":"https:\/\/naturopathie.sobattitude.fr\/wp-content\/uploads\/2026\/04\/pexels-oluwakoreimage-11745182-scaled.jpg","width":2560,"height":1707},{"@type":"BreadcrumbList","@id":"https:\/\/naturopathie.sobattitude.fr\/index.php\/hypnose-a-la-carte\/#breadcrumb","itemListElement":[{"@type":"ListItem","position":1,"name":"Accueil","item":"https:\/\/naturopathie.sobattitude.fr\/"},{"@type":"ListItem","position":2,"name":"Programmes en ligne"}]},{"@type":"WebSite","@id":"https:\/\/naturopathie.sobattitude.fr\/#website","url":"https:\/\/naturopathie.sobattitude.fr\/","name":"","description":"","potentialAction":[{"@type":"SearchAction","target":{"@type":"EntryPoint","urlTemplate":"https:\/\/naturopathie.sobattitude.fr\/?s={search_term_string}"},"query-input":{"@type":"PropertyValueSpecification","valueRequired":true,"valueName":"search_term_string"}}],"inLanguage":"fr-FR"}]}},"_links":{"self":[{"href":"https:\/\/naturopathie.sobattitude.fr\/index.php\/wp-json\/wp\/v2\/pages\/1242","targetHints":{"allow":["GET"]}}],"collection":[{"href":"https:\/\/naturopathie.sobattitude.fr\/index.php\/wp-json\/wp\/v2\/pages"}],"about":[{"href":"https:\/\/naturopathie.sobattitude.fr\/index.php\/wp-json\/wp\/v2\/types\/page"}],"author":[{"embeddable":true,"href":"https:\/\/naturopathie.sobattitude.fr\/index.php\/wp-json\/wp\/v2\/users\/1"}],"replies":[{"embeddable":true,"href":"https:\/\/naturopathie.sobattitude.fr\/index.php\/wp-json\/wp\/v2\/comments?post=1242"}],"version-history":[{"count":24,"href":"https:\/\/naturopathie.sobattitude.fr\/index.php\/wp-json\/wp\/v2\/pages\/1242\/revisions"}],"predecessor-version":[{"id":3015,"href":"https:\/\/naturopathie.sobattitude.fr\/index.php\/wp-json\/wp\/v2\/pages\/1242\/revisions\/3015"}],"wp:attachment":[{"href":"https:\/\/naturopathie.sobattitude.fr\/index.php\/wp-json\/wp\/v2\/media?parent=1242"}],"curies":[{"name":"wp","href":"https:\/\/api.w.org\/{rel}","templated":true}]}}