{"id":2544,"date":"2026-04-12T22:09:51","date_gmt":"2026-04-12T20:09:51","guid":{"rendered":"https:\/\/naturopathie.sobattitude.fr\/?page_id=2544"},"modified":"2026-04-12T22:09:52","modified_gmt":"2026-04-12T20:09:52","slug":"accompagnement-des-emotions-et-du-vide-interieur","status":"publish","type":"page","link":"https:\/\/naturopathie.sobattitude.fr\/index.php\/accompagnement-des-emotions-et-du-vide-interieur\/","title":{"rendered":"Accompagnement des \u00e9motions et du vide int\u00e9rieur"},"content":{"rendered":"\n<h3 class=\"wp-block-heading\">\ud83d\ude14 Vous ne ressentez plus vraiment d\u2019\u00e9lan ?<\/h3>\n\n\n\n<p>Vous avez peut-\u00eatre cette sensation \u00e9trange\u2026<\/p>\n\n\n\n<p>\ud83d\udc49 de vide int\u00e9rieur<br>\ud83d\udc49 de perte d\u2019envie<br>\ud83d\udc49 de d\u00e9tachement \u00e9motionnel<\/p>\n\n\n\n<hr class=\"wp-block-separator has-alpha-channel-opacity\"\/>\n\n\n\n<h3 class=\"wp-block-heading\">\ud83d\udc94 Quand tout devient \u201cplat\u201d<\/h3>\n\n\n\n<p>M\u00eame les choses que vous aimiez avant\u2026<\/p>\n\n\n\n<p>ne vous procurent plus grand-chose.<\/p>\n\n\n\n<p>Et cela peut \u00eatre tr\u00e8s d\u00e9stabilisant.<\/p>\n\n\n\n<hr class=\"wp-block-separator has-alpha-channel-opacity\"\/>\n\n\n\n<h3 class=\"wp-block-heading\">\ud83e\udde0 Ce que cela traduit souvent<\/h3>\n\n\n\n<p>Ce n\u2019est pas un manque de volont\u00e9.<\/p>\n\n\n\n<p>C\u2019est souvent :<\/p>\n\n\n\n<ul class=\"wp-block-list\">\n<li>une surcharge \u00e9motionnelle ancienne<\/li>\n\n\n\n<li>un \u00e9puisement int\u00e9rieur profond<\/li>\n\n\n\n<li>un syst\u00e8me \u00e9motionnel satur\u00e9<\/li>\n<\/ul>\n\n\n\n<hr class=\"wp-block-separator has-alpha-channel-opacity\"\/>\n\n\n\n<h3 class=\"wp-block-heading\">\ud83c\udf3f Mon accompagnement<\/h3>\n\n\n\n<p>Je vous aide \u00e0 :<\/p>\n\n\n\n<ul class=\"wp-block-list\">\n<li>remettre du calme int\u00e9rieur<\/li>\n\n\n\n<li>lib\u00e9rer la charge \u00e9motionnelle<\/li>\n\n\n\n<li>vous reconnecter \u00e0 vous-m\u00eame<\/li>\n\n\n\n<li>retrouver progressivement de l\u2019\u00e9lan<\/li>\n<\/ul>\n\n\n\n<hr class=\"wp-block-separator has-alpha-channel-opacity\"\/>\n\n\n\n<h3 class=\"wp-block-heading\">\ud83d\udc9b Vous pouvez vous retrouver<\/h3>\n\n\n\n<p>Ce vide n\u2019est pas d\u00e9finitif.<\/p>\n\n\n\n<p>C\u2019est souvent une phase o\u00f9 votre syst\u00e8me a besoin de souffler.<\/p>\n\n\n\n<hr class=\"wp-block-separator has-alpha-channel-opacity\"\/>\n\n\n\n<p>\ud83d\udc49 <strong>Prendre rendez-vous<\/strong><\/p>\n\n\n\n<div class=\"wp-block-buttons is-layout-flex wp-block-buttons-is-layout-flex\">\n<div class=\"wp-block-button is-style-outline is-style-outline--1\"><a class=\"wp-block-button__link wp-element-button\" href=\"https:\/\/perfactive.fr\/naturopathe\/saint-germain-les-corbeil\/sophie-ballet\" target=\"_blank\" rel=\"noreferrer noopener\"><strong>Prendre <\/strong>RdV<\/a><\/div>\n<\/div>\n","protected":false},"excerpt":{"rendered":"<p>\ud83d\ude14 Vous ne ressentez plus vraiment d\u2019\u00e9lan ? Vous avez peut-\u00eatre cette sensation \u00e9trange\u2026 \ud83d\udc49 de vide int\u00e9rieur\ud83d\udc49 de perte d\u2019envie\ud83d\udc49 de d\u00e9tachement \u00e9motionnel \ud83d\udc94 Quand tout devient \u201cplat\u201d M\u00eame les choses que vous aimiez avant\u2026 ne vous procurent plus grand-chose. Et cela peut \u00eatre tr\u00e8s d\u00e9stabilisant. \ud83e\udde0 Ce que cela traduit souvent Ce n\u2019est&#8230;<\/p>\n","protected":false},"author":1,"featured_media":0,"parent":0,"menu_order":0,"comment_status":"closed","ping_status":"closed","template":"","meta":{"_kad_post_transparent":"","_kad_post_title":"","_kad_post_layout":"","_kad_post_sidebar_id":"","_kad_post_content_style":"","_kad_post_vertical_padding":"","_kad_post_feature":"","_kad_post_feature_position":"","_kad_post_header":false,"_kad_post_footer":false,"_kad_post_classname":"","footnotes":""},"class_list":["post-2544","page","type-page","status-publish","hentry"],"yoast_head":"<!-- This site is optimized with the Yoast SEO plugin v21.1 - https:\/\/yoast.com\/wordpress\/plugins\/seo\/ -->\n<title>Accompagnement des \u00e9motions et du vide int\u00e9rieur -<\/title>\n<meta name=\"robots\" content=\"index, follow, max-snippet:-1, max-image-preview:large, max-video-preview:-1\" \/>\n<link rel=\"canonical\" href=\"https:\/\/naturopathie.sobattitude.fr\/index.php\/accompagnement-des-emotions-et-du-vide-interieur\/\" \/>\n<meta property=\"og:locale\" content=\"fr_FR\" \/>\n<meta property=\"og:type\" content=\"article\" \/>\n<meta property=\"og:title\" content=\"Accompagnement des \u00e9motions et du vide int\u00e9rieur -\" \/>\n<meta property=\"og:description\" content=\"\ud83d\ude14 Vous ne ressentez plus vraiment d\u2019\u00e9lan ? Vous avez peut-\u00eatre cette sensation \u00e9trange\u2026 \ud83d\udc49 de vide int\u00e9rieur\ud83d\udc49 de perte d\u2019envie\ud83d\udc49 de d\u00e9tachement \u00e9motionnel \ud83d\udc94 Quand tout devient \u201cplat\u201d M\u00eame les choses que vous aimiez avant\u2026 ne vous procurent plus grand-chose. Et cela peut \u00eatre tr\u00e8s d\u00e9stabilisant. \ud83e\udde0 Ce que cela traduit souvent Ce n\u2019est...\" \/>\n<meta property=\"og:url\" content=\"https:\/\/naturopathie.sobattitude.fr\/index.php\/accompagnement-des-emotions-et-du-vide-interieur\/\" \/>\n<meta property=\"article:modified_time\" content=\"2026-04-12T20:09:52+00:00\" \/>\n<meta name=\"twitter:card\" content=\"summary_large_image\" \/>\n<meta name=\"twitter:label1\" content=\"Dur\u00e9e de lecture estim\u00e9e\" \/>\n\t<meta name=\"twitter:data1\" content=\"1 minute\" \/>\n<script type=\"application\/ld+json\" class=\"yoast-schema-graph\">{\"@context\":\"https:\/\/schema.org\",\"@graph\":[{\"@type\":\"WebPage\",\"@id\":\"https:\/\/naturopathie.sobattitude.fr\/index.php\/accompagnement-des-emotions-et-du-vide-interieur\/\",\"url\":\"https:\/\/naturopathie.sobattitude.fr\/index.php\/accompagnement-des-emotions-et-du-vide-interieur\/\",\"name\":\"Accompagnement des \u00e9motions et du vide int\u00e9rieur -\",\"isPartOf\":{\"@id\":\"https:\/\/naturopathie.sobattitude.fr\/#website\"},\"datePublished\":\"2026-04-12T20:09:51+00:00\",\"dateModified\":\"2026-04-12T20:09:52+00:00\",\"breadcrumb\":{\"@id\":\"https:\/\/naturopathie.sobattitude.fr\/index.php\/accompagnement-des-emotions-et-du-vide-interieur\/#breadcrumb\"},\"inLanguage\":\"fr-FR\",\"potentialAction\":[{\"@type\":\"ReadAction\",\"target\":[\"https:\/\/naturopathie.sobattitude.fr\/index.php\/accompagnement-des-emotions-et-du-vide-interieur\/\"]}]},{\"@type\":\"BreadcrumbList\",\"@id\":\"https:\/\/naturopathie.sobattitude.fr\/index.php\/accompagnement-des-emotions-et-du-vide-interieur\/#breadcrumb\",\"itemListElement\":[{\"@type\":\"ListItem\",\"position\":1,\"name\":\"Accueil\",\"item\":\"https:\/\/naturopathie.sobattitude.fr\/\"},{\"@type\":\"ListItem\",\"position\":2,\"name\":\"Accompagnement des \u00e9motions et du vide int\u00e9rieur\"}]},{\"@type\":\"WebSite\",\"@id\":\"https:\/\/naturopathie.sobattitude.fr\/#website\",\"url\":\"https:\/\/naturopathie.sobattitude.fr\/\",\"name\":\"\",\"description\":\"\",\"potentialAction\":[{\"@type\":\"SearchAction\",\"target\":{\"@type\":\"EntryPoint\",\"urlTemplate\":\"https:\/\/naturopathie.sobattitude.fr\/?s={search_term_string}\"},\"query-input\":\"required name=search_term_string\"}],\"inLanguage\":\"fr-FR\"}]}<\/script>\n<!-- \/ Yoast SEO plugin. -->","yoast_head_json":{"title":"Accompagnement des \u00e9motions et du vide int\u00e9rieur -","robots":{"index":"index","follow":"follow","max-snippet":"max-snippet:-1","max-image-preview":"max-image-preview:large","max-video-preview":"max-video-preview:-1"},"canonical":"https:\/\/naturopathie.sobattitude.fr\/index.php\/accompagnement-des-emotions-et-du-vide-interieur\/","og_locale":"fr_FR","og_type":"article","og_title":"Accompagnement des \u00e9motions et du vide int\u00e9rieur -","og_description":"\ud83d\ude14 Vous ne ressentez plus vraiment d\u2019\u00e9lan ? Vous avez peut-\u00eatre cette sensation \u00e9trange\u2026 \ud83d\udc49 de vide int\u00e9rieur\ud83d\udc49 de perte d\u2019envie\ud83d\udc49 de d\u00e9tachement \u00e9motionnel \ud83d\udc94 Quand tout devient \u201cplat\u201d M\u00eame les choses que vous aimiez avant\u2026 ne vous procurent plus grand-chose. Et cela peut \u00eatre tr\u00e8s d\u00e9stabilisant. \ud83e\udde0 Ce que cela traduit souvent Ce n\u2019est...","og_url":"https:\/\/naturopathie.sobattitude.fr\/index.php\/accompagnement-des-emotions-et-du-vide-interieur\/","article_modified_time":"2026-04-12T20:09:52+00:00","twitter_card":"summary_large_image","twitter_misc":{"Dur\u00e9e de lecture estim\u00e9e":"1 minute"},"schema":{"@context":"https:\/\/schema.org","@graph":[{"@type":"WebPage","@id":"https:\/\/naturopathie.sobattitude.fr\/index.php\/accompagnement-des-emotions-et-du-vide-interieur\/","url":"https:\/\/naturopathie.sobattitude.fr\/index.php\/accompagnement-des-emotions-et-du-vide-interieur\/","name":"Accompagnement des \u00e9motions et du vide int\u00e9rieur -","isPartOf":{"@id":"https:\/\/naturopathie.sobattitude.fr\/#website"},"datePublished":"2026-04-12T20:09:51+00:00","dateModified":"2026-04-12T20:09:52+00:00","breadcrumb":{"@id":"https:\/\/naturopathie.sobattitude.fr\/index.php\/accompagnement-des-emotions-et-du-vide-interieur\/#breadcrumb"},"inLanguage":"fr-FR","potentialAction":[{"@type":"ReadAction","target":["https:\/\/naturopathie.sobattitude.fr\/index.php\/accompagnement-des-emotions-et-du-vide-interieur\/"]}]},{"@type":"BreadcrumbList","@id":"https:\/\/naturopathie.sobattitude.fr\/index.php\/accompagnement-des-emotions-et-du-vide-interieur\/#breadcrumb","itemListElement":[{"@type":"ListItem","position":1,"name":"Accueil","item":"https:\/\/naturopathie.sobattitude.fr\/"},{"@type":"ListItem","position":2,"name":"Accompagnement des \u00e9motions et du vide int\u00e9rieur"}]},{"@type":"WebSite","@id":"https:\/\/naturopathie.sobattitude.fr\/#website","url":"https:\/\/naturopathie.sobattitude.fr\/","name":"","description":"","potentialAction":[{"@type":"SearchAction","target":{"@type":"EntryPoint","urlTemplate":"https:\/\/naturopathie.sobattitude.fr\/?s={search_term_string}"},"query-input":"required name=search_term_string"}],"inLanguage":"fr-FR"}]}},"_links":{"self":[{"href":"https:\/\/naturopathie.sobattitude.fr\/index.php\/wp-json\/wp\/v2\/pages\/2544","targetHints":{"allow":["GET"]}}],"collection":[{"href":"https:\/\/naturopathie.sobattitude.fr\/index.php\/wp-json\/wp\/v2\/pages"}],"about":[{"href":"https:\/\/naturopathie.sobattitude.fr\/index.php\/wp-json\/wp\/v2\/types\/page"}],"author":[{"embeddable":true,"href":"https:\/\/naturopathie.sobattitude.fr\/index.php\/wp-json\/wp\/v2\/users\/1"}],"replies":[{"embeddable":true,"href":"https:\/\/naturopathie.sobattitude.fr\/index.php\/wp-json\/wp\/v2\/comments?post=2544"}],"version-history":[{"count":1,"href":"https:\/\/naturopathie.sobattitude.fr\/index.php\/wp-json\/wp\/v2\/pages\/2544\/revisions"}],"predecessor-version":[{"id":2546,"href":"https:\/\/naturopathie.sobattitude.fr\/index.php\/wp-json\/wp\/v2\/pages\/2544\/revisions\/2546"}],"wp:attachment":[{"href":"https:\/\/naturopathie.sobattitude.fr\/index.php\/wp-json\/wp\/v2\/media?parent=2544"}],"curies":[{"name":"wp","href":"https:\/\/api.w.org\/{rel}","templated":true}]}}