{"id":262,"date":"2020-07-10T17:25:37","date_gmt":"2020-07-10T15:25:37","guid":{"rendered":"http:\/\/naturopathie.sobattitude.fr\/?page_id=262"},"modified":"2026-04-14T17:56:51","modified_gmt":"2026-04-14T15:56:51","slug":"lahochi","status":"publish","type":"page","link":"https:\/\/naturopathie.sobattitude.fr\/index.php\/lahochi\/","title":{"rendered":"Soins Energ\u00e9tiques puissance f\u00e9minine"},"content":{"rendered":"<div class=\"\" data-block=\"true\" data-editor=\"e4951\" data-offset-key=\"crs8f-0-0\">\n<div data-offset-key=\"crs8f-0-0\">\n<h3><em>Offrez-vous une pause Bien-\u00eatre !\u00a0<\/em> \u00a0 \u00a0 \u00a0 \u00a0 \u00a0 \u00a0 \u00a0 \u00a0 \u00a0\u00a0<img loading=\"lazy\" decoding=\"async\" class=\" wp-image-328 alignright\" src=\"http:\/\/naturopathie.sobattitude.fr\/wp-content\/uploads\/2020\/11\/20200730_124811-300x169.jpg\" alt=\"\" width=\"187\" height=\"332\" srcset=\"https:\/\/naturopathie.sobattitude.fr\/wp-content\/uploads\/2020\/11\/20200730_124811-350x622.jpg 350w, https:\/\/naturopathie.sobattitude.fr\/wp-content\/uploads\/2020\/11\/20200730_124811-scaled.jpg 1440w\" sizes=\"auto, (max-width: 187px) 100vw, 187px\" \/><\/h3>\n<p>J&rsquo;utilise plusieurs techniques pour les soins \u00e9nerg\u00e9tiques, selon vos besoins et mon ressenti: il peut s&rsquo;agir de l&rsquo;utilisation des bols tib\u00e9tains, du LaHoChi&#8230;<\/p>\n<p>Les techniques utilis\u00e9es vous apportent une extraordinaire d\u00e9tente, tout en stimulant la circulation de l&rsquo;\u00e9nergie dans votre corps.<\/p>\n<p>Elles restructurent et \u00e9quilibrent les corps subtils de l\u2019Etre, <strong>particuli\u00e8rement lorsqu\u2019il y a eu un traumatisme dans le corps \u00e9motionnel.<\/strong><\/p>\n<p>Lors des soins \u00e9nerg\u00e9tiques, je suis canal d&rsquo;\u00e9nergie spirituelle aux fr\u00e9quences vibratoires tr\u00e8s \u00e9lev\u00e9es.<\/p>\n<p><strong>Les bienfaits des soins \u00e9nerg\u00e9tiques sont multiples<\/strong>, voici une liste non exhaustive :<\/p>\n<ul>\n<li><strong>ouvrir les 21 centres d\u2019\u00e9nergie du corps<\/strong>\u00a0ou le syst\u00e8me d\u2019anatomie des m\u00e9ridiens.<\/li>\n<li><span style=\"font-size: revert; color: initial;\">retisser le champs d\u2019\u00e9nergie en r\u00e9parant les br\u00e8ches, les d\u00e9chirures et les r\u00e9gions endommag\u00e9es par une vari\u00e9t\u00e9 d\u2019influence incluant une naissance difficile, une op\u00e9ration chirurgicale, la radiation, la drogue, les accidents, les blessures anciennes et pr\u00e9sentes de la vie, tous les types de traumatismes, les intoxications environnementales, les programmations n\u00e9gatives et les tendances g\u00e9n\u00e9tiques,<\/span><\/li>\n<li><span style=\"font-size: revert; color: initial;\">introduire des vibrations de couleur et de sant\u00e9,<\/span><\/li>\n<li><span style=\"font-size: revert; color: initial;\">am\u00e9liorer le champ \u00e9th\u00e9rique du corps,<\/span><\/li>\n<li><span style=\"font-size: revert; color: initial;\">\u00e9quilibrer la circulation du fluide cr\u00e2nien dans le cerveau et \u00e9quilibrer le syst\u00e8me c\u00e9r\u00e9bro-spinal,<\/span><\/li>\n<li><span style=\"font-size: revert; color: initial;\">ouvrir les blocages dans les corps d\u2019\u00e9nergies subtiles,<\/span><\/li>\n<li><span style=\"font-size: revert; color: initial;\">ouvrir et nettoiyer le syst\u00e8me des chakras,<\/span><\/li>\n<li><span style=\"font-size: revert; color: initial;\">r\u00e9aligner la structure du corps tel un syst\u00e8me de grille multidimensionnelle qui maintient le corps dans son int\u00e9grit\u00e9,<\/span><\/li>\n<li><span style=\"font-size: revert; color: initial;\">d\u00e9nouer les blocages \u00e9lectriques dans l\u2019\u00e9nergie du corps, semblable \u00e0 un r\u00e9seau de liens entre la m\u00e9moire cellulaire et le corps physique, afin que l\u2019information puisse passer librement,<\/span><\/li>\n<li><span style=\"font-size: revert; color: initial;\">\u00e9largir le champ d\u2019\u00e9nergie,<\/span><\/li>\n<li><span style=\"font-size: revert; color: initial;\">activer le corps de lumi\u00e8re,<\/span><\/li>\n<li><span style=\"font-size: revert; color: initial;\">acc\u00e9l\u00e9rer la gu\u00e9rison et les dons spirituels.<\/span><\/li>\n<\/ul>\n<p><strong><span style=\"font-size: revert; color: initial;\">Je pratique les soins \u00e9nerg\u00e9tiques uniquement pour les femmes.<\/span><\/strong><\/p>\n<\/div>\n<p>Vous restez habill\u00e9e pendant le soin \u00e9nerg\u00e9tique.<\/p>\n<div data-offset-key=\"crs8f-0-0\">\n<pre>Un soin \u00e9nerg\u00e9tique ne remplace en aucun cas la visite chez un m\u00e9decin et ne peut se substituer en aucune fa\u00e7on \u00e0 un avis ou \u00e0 un traitement m\u00e9dical.\n\nLe praticien s\u2019engage \u00e0 la plus parfaite confidentialit\u00e9.\n\nLe praticien s\u2019engage \u00e0 n\u2019\u00e9tablir aucun diagnostic m\u00e9dical et \u00e0 exercer son art dans le plus strict cadre de la pr\u00e9vention.<\/pre>\n<\/div>\n<\/div>\n<p>&nbsp;<\/p>\n","protected":false},"excerpt":{"rendered":"<p>Offrez-vous une pause Bien-\u00eatre !\u00a0 \u00a0 \u00a0 \u00a0 \u00a0 \u00a0 \u00a0 \u00a0 \u00a0 \u00a0\u00a0 J&rsquo;utilise plusieurs techniques pour les soins \u00e9nerg\u00e9tiques, selon vos besoins et mon ressenti: il peut s&rsquo;agir de l&rsquo;utilisation des bols tib\u00e9tains, du LaHoChi&#8230; Les techniques utilis\u00e9es vous apportent une extraordinaire d\u00e9tente, tout en stimulant la circulation de l&rsquo;\u00e9nergie dans votre corps&#8230;.<\/p>\n","protected":false},"author":1,"featured_media":0,"parent":0,"menu_order":0,"comment_status":"closed","ping_status":"closed","template":"","meta":{"_kad_post_transparent":"","_kad_post_title":"","_kad_post_layout":"","_kad_post_sidebar_id":"","_kad_post_content_style":"","_kad_post_vertical_padding":"","_kad_post_feature":"","_kad_post_feature_position":"","_kad_post_header":false,"_kad_post_footer":false,"_kad_post_classname":"","footnotes":""},"class_list":["post-262","page","type-page","status-publish","hentry"],"yoast_head":"<!-- This site is optimized with the Yoast SEO plugin v27.5 - https:\/\/yoast.com\/product\/yoast-seo-wordpress\/ -->\n<title>Soins Energ\u00e9tiques puissance f\u00e9minine -<\/title>\n<meta name=\"robots\" content=\"index, follow, max-snippet:-1, max-image-preview:large, max-video-preview:-1\" \/>\n<link rel=\"canonical\" href=\"https:\/\/naturopathie.sobattitude.fr\/index.php\/lahochi\/\" \/>\n<meta property=\"og:locale\" content=\"fr_FR\" \/>\n<meta property=\"og:type\" content=\"article\" \/>\n<meta property=\"og:title\" content=\"Soins Energ\u00e9tiques puissance f\u00e9minine -\" \/>\n<meta property=\"og:description\" content=\"Offrez-vous une pause Bien-\u00eatre !\u00a0 \u00a0 \u00a0 \u00a0 \u00a0 \u00a0 \u00a0 \u00a0 \u00a0 \u00a0\u00a0 J&rsquo;utilise plusieurs techniques pour les soins \u00e9nerg\u00e9tiques, selon vos besoins et mon ressenti: il peut s&rsquo;agir de l&rsquo;utilisation des bols tib\u00e9tains, du LaHoChi&#8230; Les techniques utilis\u00e9es vous apportent une extraordinaire d\u00e9tente, tout en stimulant la circulation de l&rsquo;\u00e9nergie dans votre corps....\" \/>\n<meta property=\"og:url\" content=\"https:\/\/naturopathie.sobattitude.fr\/index.php\/lahochi\/\" \/>\n<meta property=\"article:modified_time\" content=\"2026-04-14T15:56:51+00:00\" \/>\n<meta property=\"og:image\" content=\"http:\/\/naturopathie.sobattitude.fr\/wp-content\/uploads\/2020\/11\/20200730_124811-300x169.jpg\" \/>\n<meta name=\"twitter:card\" content=\"summary_large_image\" \/>\n<meta name=\"twitter:label1\" content=\"Dur\u00e9e de lecture estim\u00e9e\" \/>\n\t<meta name=\"twitter:data1\" content=\"3 minutes\" \/>\n<script type=\"application\/ld+json\" class=\"yoast-schema-graph\">{\"@context\":\"https:\\\/\\\/schema.org\",\"@graph\":[{\"@type\":\"WebPage\",\"@id\":\"https:\\\/\\\/naturopathie.sobattitude.fr\\\/index.php\\\/lahochi\\\/\",\"url\":\"https:\\\/\\\/naturopathie.sobattitude.fr\\\/index.php\\\/lahochi\\\/\",\"name\":\"Soins Energ\u00e9tiques puissance f\u00e9minine -\",\"isPartOf\":{\"@id\":\"https:\\\/\\\/naturopathie.sobattitude.fr\\\/#website\"},\"primaryImageOfPage\":{\"@id\":\"https:\\\/\\\/naturopathie.sobattitude.fr\\\/index.php\\\/lahochi\\\/#primaryimage\"},\"image\":{\"@id\":\"https:\\\/\\\/naturopathie.sobattitude.fr\\\/index.php\\\/lahochi\\\/#primaryimage\"},\"thumbnailUrl\":\"http:\\\/\\\/naturopathie.sobattitude.fr\\\/wp-content\\\/uploads\\\/2020\\\/11\\\/20200730_124811-300x169.jpg\",\"datePublished\":\"2020-07-10T15:25:37+00:00\",\"dateModified\":\"2026-04-14T15:56:51+00:00\",\"breadcrumb\":{\"@id\":\"https:\\\/\\\/naturopathie.sobattitude.fr\\\/index.php\\\/lahochi\\\/#breadcrumb\"},\"inLanguage\":\"fr-FR\",\"potentialAction\":[{\"@type\":\"ReadAction\",\"target\":[\"https:\\\/\\\/naturopathie.sobattitude.fr\\\/index.php\\\/lahochi\\\/\"]}]},{\"@type\":\"ImageObject\",\"inLanguage\":\"fr-FR\",\"@id\":\"https:\\\/\\\/naturopathie.sobattitude.fr\\\/index.php\\\/lahochi\\\/#primaryimage\",\"url\":\"http:\\\/\\\/naturopathie.sobattitude.fr\\\/wp-content\\\/uploads\\\/2020\\\/11\\\/20200730_124811-300x169.jpg\",\"contentUrl\":\"http:\\\/\\\/naturopathie.sobattitude.fr\\\/wp-content\\\/uploads\\\/2020\\\/11\\\/20200730_124811-300x169.jpg\"},{\"@type\":\"BreadcrumbList\",\"@id\":\"https:\\\/\\\/naturopathie.sobattitude.fr\\\/index.php\\\/lahochi\\\/#breadcrumb\",\"itemListElement\":[{\"@type\":\"ListItem\",\"position\":1,\"name\":\"Accueil\",\"item\":\"https:\\\/\\\/naturopathie.sobattitude.fr\\\/\"},{\"@type\":\"ListItem\",\"position\":2,\"name\":\"Soins Energ\u00e9tiques puissance f\u00e9minine\"}]},{\"@type\":\"WebSite\",\"@id\":\"https:\\\/\\\/naturopathie.sobattitude.fr\\\/#website\",\"url\":\"https:\\\/\\\/naturopathie.sobattitude.fr\\\/\",\"name\":\"\",\"description\":\"\",\"potentialAction\":[{\"@type\":\"SearchAction\",\"target\":{\"@type\":\"EntryPoint\",\"urlTemplate\":\"https:\\\/\\\/naturopathie.sobattitude.fr\\\/?s={search_term_string}\"},\"query-input\":{\"@type\":\"PropertyValueSpecification\",\"valueRequired\":true,\"valueName\":\"search_term_string\"}}],\"inLanguage\":\"fr-FR\"}]}<\/script>\n<!-- \/ Yoast SEO plugin. -->","yoast_head_json":{"title":"Soins Energ\u00e9tiques puissance f\u00e9minine -","robots":{"index":"index","follow":"follow","max-snippet":"max-snippet:-1","max-image-preview":"max-image-preview:large","max-video-preview":"max-video-preview:-1"},"canonical":"https:\/\/naturopathie.sobattitude.fr\/index.php\/lahochi\/","og_locale":"fr_FR","og_type":"article","og_title":"Soins Energ\u00e9tiques puissance f\u00e9minine -","og_description":"Offrez-vous une pause Bien-\u00eatre !\u00a0 \u00a0 \u00a0 \u00a0 \u00a0 \u00a0 \u00a0 \u00a0 \u00a0 \u00a0\u00a0 J&rsquo;utilise plusieurs techniques pour les soins \u00e9nerg\u00e9tiques, selon vos besoins et mon ressenti: il peut s&rsquo;agir de l&rsquo;utilisation des bols tib\u00e9tains, du LaHoChi&#8230; Les techniques utilis\u00e9es vous apportent une extraordinaire d\u00e9tente, tout en stimulant la circulation de l&rsquo;\u00e9nergie dans votre corps....","og_url":"https:\/\/naturopathie.sobattitude.fr\/index.php\/lahochi\/","article_modified_time":"2026-04-14T15:56:51+00:00","og_image":[{"url":"http:\/\/naturopathie.sobattitude.fr\/wp-content\/uploads\/2020\/11\/20200730_124811-300x169.jpg","type":"","width":"","height":""}],"twitter_card":"summary_large_image","twitter_misc":{"Dur\u00e9e de lecture estim\u00e9e":"3 minutes"},"schema":{"@context":"https:\/\/schema.org","@graph":[{"@type":"WebPage","@id":"https:\/\/naturopathie.sobattitude.fr\/index.php\/lahochi\/","url":"https:\/\/naturopathie.sobattitude.fr\/index.php\/lahochi\/","name":"Soins Energ\u00e9tiques puissance f\u00e9minine -","isPartOf":{"@id":"https:\/\/naturopathie.sobattitude.fr\/#website"},"primaryImageOfPage":{"@id":"https:\/\/naturopathie.sobattitude.fr\/index.php\/lahochi\/#primaryimage"},"image":{"@id":"https:\/\/naturopathie.sobattitude.fr\/index.php\/lahochi\/#primaryimage"},"thumbnailUrl":"http:\/\/naturopathie.sobattitude.fr\/wp-content\/uploads\/2020\/11\/20200730_124811-300x169.jpg","datePublished":"2020-07-10T15:25:37+00:00","dateModified":"2026-04-14T15:56:51+00:00","breadcrumb":{"@id":"https:\/\/naturopathie.sobattitude.fr\/index.php\/lahochi\/#breadcrumb"},"inLanguage":"fr-FR","potentialAction":[{"@type":"ReadAction","target":["https:\/\/naturopathie.sobattitude.fr\/index.php\/lahochi\/"]}]},{"@type":"ImageObject","inLanguage":"fr-FR","@id":"https:\/\/naturopathie.sobattitude.fr\/index.php\/lahochi\/#primaryimage","url":"http:\/\/naturopathie.sobattitude.fr\/wp-content\/uploads\/2020\/11\/20200730_124811-300x169.jpg","contentUrl":"http:\/\/naturopathie.sobattitude.fr\/wp-content\/uploads\/2020\/11\/20200730_124811-300x169.jpg"},{"@type":"BreadcrumbList","@id":"https:\/\/naturopathie.sobattitude.fr\/index.php\/lahochi\/#breadcrumb","itemListElement":[{"@type":"ListItem","position":1,"name":"Accueil","item":"https:\/\/naturopathie.sobattitude.fr\/"},{"@type":"ListItem","position":2,"name":"Soins Energ\u00e9tiques puissance f\u00e9minine"}]},{"@type":"WebSite","@id":"https:\/\/naturopathie.sobattitude.fr\/#website","url":"https:\/\/naturopathie.sobattitude.fr\/","name":"","description":"","potentialAction":[{"@type":"SearchAction","target":{"@type":"EntryPoint","urlTemplate":"https:\/\/naturopathie.sobattitude.fr\/?s={search_term_string}"},"query-input":{"@type":"PropertyValueSpecification","valueRequired":true,"valueName":"search_term_string"}}],"inLanguage":"fr-FR"}]}},"_links":{"self":[{"href":"https:\/\/naturopathie.sobattitude.fr\/index.php\/wp-json\/wp\/v2\/pages\/262","targetHints":{"allow":["GET"]}}],"collection":[{"href":"https:\/\/naturopathie.sobattitude.fr\/index.php\/wp-json\/wp\/v2\/pages"}],"about":[{"href":"https:\/\/naturopathie.sobattitude.fr\/index.php\/wp-json\/wp\/v2\/types\/page"}],"author":[{"embeddable":true,"href":"https:\/\/naturopathie.sobattitude.fr\/index.php\/wp-json\/wp\/v2\/users\/1"}],"replies":[{"embeddable":true,"href":"https:\/\/naturopathie.sobattitude.fr\/index.php\/wp-json\/wp\/v2\/comments?post=262"}],"version-history":[{"count":33,"href":"https:\/\/naturopathie.sobattitude.fr\/index.php\/wp-json\/wp\/v2\/pages\/262\/revisions"}],"predecessor-version":[{"id":2850,"href":"https:\/\/naturopathie.sobattitude.fr\/index.php\/wp-json\/wp\/v2\/pages\/262\/revisions\/2850"}],"wp:attachment":[{"href":"https:\/\/naturopathie.sobattitude.fr\/index.php\/wp-json\/wp\/v2\/media?parent=262"}],"curies":[{"name":"wp","href":"https:\/\/api.w.org\/{rel}","templated":true}]}}